1
What are the prime factors of 2190660?
2, 3, 5, 29, 1259
What are the prime factors of 5053992?
2, 3, 31, 6793
List the prime factors of 4070272.
2, 31799
What are the prime factors of 425765?
5, 17, 5009
List the prime factors of 1972997.
13, 151769
List the prime factors of 205178.
2, 173, 593
What are the prime factors of 19314334?
2, 13, 57143
What are the prime factors of 3029049?
3, 43, 2609
What are the prime factors of 99410?
2, 5, 9941
List the prime factors of 1596151.
71, 22481
What are the prime factors of 199024?
2, 7, 1777
List the prime factors of 552229.
41, 13469
List the prime factors of 204658.
2, 102329
List the prime factors of 3265775.
5, 130631
List the prime factors of 321811.
7, 31, 1483
List the prime factors of 990947.
17, 71, 821
List the prime factors of 2155523.
31, 2243
List the prime factors of 714256.
2, 44641
List the prime factors of 681191.
7, 23, 4231
What are the prime factors of 2866327?
67, 179, 239
What are the prime factors of 10565321?
13, 812717
What are the prime factors of 906884?
2, 11, 20611
What are the prime factors of 3439727?
937, 3671
What are the prime factors of 2060404?
2, 467, 1103
What are the prime factors of 836732?
2, 13, 16091
What are the prime factors of 225408?
2, 3, 587
List the prime factors of 22869.
3, 7, 11
List the prime factors of 2012595.
3, 5, 13, 10321
What are the prime factors of 92505?
3, 5, 7, 881
List the prime factors of 151892.
2, 13, 23, 127
List the prime factors of 888161.
888161
What are the prime factors of 682408?
2, 197, 433
List the prime factors of 9581976.
2, 3, 31, 53
List the prime factors of 21691.
109, 199
What are the prime factors of 31715240?
2, 5, 792881
What are the prime factors of 172748?
2, 19, 2273
List the prime factors of 231861.
3, 7, 61, 181
List the prime factors of 136328.
2, 17041
What are the prime factors of 731329?
19, 61, 631
List the prime factors of 628187.
7, 43, 2087
What are the prime factors of 3106293?
3, 31, 127, 263
What are the prime factors of 1746539?
1746539
List the prime factors of 1238103.
3, 137567
List the prime factors of 63266.
2, 7, 4519
What are the prime factors of 4973619?
3, 7, 163, 1453
List the prime factors of 206867.
37, 5591
List the prime factors of 1578956.
2, 394739
List the prime factors of 618050.
2, 5, 47, 263
What are the prime factors of 27893035?
5, 1579, 3533
List the prime factors of 12363138.
2, 3, 283, 809
What are the prime factors of 1198943?
857, 1399
What are the prime factors of 1261848?
2, 3, 7, 29, 37
List the prime factors of 28749.
3, 7, 37
List the prime factors of 1284120.
2, 3, 5, 29, 41
List the prime factors of 136330.
2, 5, 13633
List the prime factors of 1199930.
2, 5, 119993
List the prime factors of 19372031.
7, 509, 5437
List the prime factors of 6405315.
3, 5, 7, 53, 1151
What are the prime factors of 577316?
2, 101, 1429
List the prime factors of 805346.
2, 281, 1433
List the prime factors of 35330032.
2, 2208127
What are the prime factors of 142530?
2, 3, 5, 4751
What are the prime factors of 1604647?
11, 17, 8581
What are the prime factors of 2393029?
2393029
What are the prime factors of 5208203?
7, 11, 13, 43
What are the prime factors of 151760?
2, 5, 7, 271
What are the prime factors of 177982?
2, 7, 12713
What are the prime factors of 16176834?
2, 3, 61, 1637
What are the prime factors of 2421573?
3, 7, 11, 953
List the prime factors of 370050.
2, 3, 5, 2467
What are the prime factors of 11301810?
2, 3, 5, 13, 28979
What are the prime factors of 677254?
2, 97, 3491
List the prime factors of 685124.
2, 11, 23, 677
What are the prime factors of 74834?
2, 17, 31, 71
What are the prime factors of 908813?
908813
What are the prime factors of 8333077?
17, 19, 25799
What are the prime factors of 1622413?
13, 37, 3373
List the prime factors of 6759066.
2, 3, 103, 10937
List the prime factors of 651087.
3, 73, 991
What are the prime factors of 533271?
3, 149, 1193
List the prime factors of 1525938.
2, 3, 41, 6203
What are the prime factors of 363626?
2, 181813
What are the prime factors of 15972252?
2, 3, 1031, 1291
List the prime factors of 207321.
3, 29, 2383
List the prime factors of 7306469.
19, 239, 1609
List the prime factors of 308512.
2, 31, 311
List the prime factors of 1069614.
2, 3, 7, 13, 653
List the prime factors of 382019.
11, 34729
List the prime factors of 1982532.
2, 3, 165211
List the prime factors of 6646183.
31, 269, 797
List the prime factors of 1080906.
2, 3, 47, 3833
What are the prime factors of 220697?
83, 2659
List the prime factors of 180634.
2, 37, 2441
List the prime factors of 7748855.
5, 17, 91163
What are the prime factors of 1398280?
2, 5, 13, 2689
What are the prime factors of 502861?
502861
What are the prime factors of 2505079?
31, 80809
What are the prime factors of 338236?
2, 84559
What are the prime factors of 135022?
2, 67511
What are the prime factors of 103834?
2, 193, 269
What are the prime factors of 845092?
2, 41, 5153
List the prime factors of 230476.
2, 157, 367
List the prime factors of 2864089.
2864089
List the prime factors of 17809233.
3, 13, 456647
What are the prime factors of 9729273?
3, 19, 170689
What are the prime factors of 7064825?
5, 461, 613
What are the prime factors of 279369?
3, 3449
List the prime factors of 19295.
5, 17, 227
List the prime factors of 2185272.
2, 3, 67, 151
What are the prime factors of 142978?
2, 11, 67, 97
What are the prime factors of 798827?
193, 4139
What are the prime factors of 848570?
2, 5, 84857
What are the prime factors of 333587?
29, 11503
List the prime factors of 1974918.
2, 3, 11, 23, 1301
List the prime factors of 1200604.
2, 300151
What are the prime factors of 45460?
2, 5, 2273
What are the prime factors of 181918?
2, 11, 8269
List the prime factors of 59187.
3, 109, 181
List the prime factors of 2962370.
2, 5, 296237
What are the prime factors of 23743538?
2, 7, 13, 18637
List the prime factors of 133531.
67, 1993
What are the prime factors of 306231?
3, 102077
List the prime factors of 3175840.
2, 5, 23, 863
What are the prime factors of 584899?
7, 83557
List the prime factors of 327500.
2, 5, 131
List the prime factors of 2398933.
757, 3169
List the prime factors of 275222.
2, 241, 571
List the prime factors of 265896.
2, 3, 1231
What are the prime factors of 201685?
5, 11, 19, 193
List the prime factors of 164960.
2, 5, 1031
List the prime factors of 156435.
3, 5, 10429
List the prime factors of 18762341.
13, 1443257
List the prime factors of 2260987.
109, 20743
What are the prime factors of 1130662?
2, 13, 43487
List the prime factors of 423047.
47, 9001
What are the prime factors of 1331306?
2, 263, 2531
What are the prime factors of 499131?
3, 31, 1789
What are the prime factors of 104885?
5, 11, 1907
What are the prime factors of 3872466?
2, 3, 13, 19, 67
What are the prime factors of 207947?
207947
What are the prime factors of 87059?
7, 12437
List the prime factors of 676741.
13, 52057
List the prime factors of 4933316.
2, 23, 53623
What are the prime factors of 1446537?
3, 482179
What are the prime factors of 448380?
2, 3, 5, 47, 53
List the prime factors of 31177430.
2, 5, 461, 6763
List the prime factors of 660446.
2, 29, 59, 193
List the prime factors of 132862.
2, 66431
What are the prime factors of 19326427?
19326427
What are the prime factors of 210191?
210191
What are the prime factors of 5345162?
2, 89, 30029
List the prime factors of 5747493.
3, 23, 31, 2687
What are the prime factors of 3491466?
2, 3, 11, 52901
List the prime factors of 31858.
2, 17, 937
List the prime factors of 571627.
7, 127, 643
List the prime factors of 8844460.
2, 5, 47, 97
List the prime factors of 783254.
2, 391627
List the prime factors of 2581560.
2, 3, 5, 71, 101
List the prime factors of 2676671.
23, 29, 4013
What are the prime factors of 433907?
31, 13997
List the prime factors of 560225.
5, 22409
What are the prime factors of 630895?
5, 19, 29, 229
List the prime factors of 13723111.
19, 23, 31, 1013
List the prime factors of 912338.
2, 7, 65167
List the prime factors of 2339144.
2, 292393
List the prime factors of 28802853.
3, 3200317
List the prime factors of 795611.
37, 21503
List the prime factors of 1048211.
19, 43, 1283
What are the prime factors of 582338